{"id":3457,"date":"2026-02-17T22:25:02","date_gmt":"2026-02-17T22:25:02","guid":{"rendered":"https:\/\/payidarcoffeelounge.com\/?page_id=3457"},"modified":"2026-02-17T22:25:34","modified_gmt":"2026-02-17T22:25:34","slug":"tostlar","status":"publish","type":"page","link":"https:\/\/payidarcoffeelounge.com\/index.php\/tostlar\/","title":{"rendered":"Tostlar"},"content":{"rendered":"\t\t<div data-elementor-type=\"wp-page\" data-elementor-id=\"3457\" class=\"elementor elementor-3457\">\n\t\t\t\t<div class=\"elementor-element elementor-element-866524a e-flex e-con-boxed e-con e-parent\" data-id=\"866524a\" data-element_type=\"container\">\n\t\t\t\t\t<div class=\"e-con-inner\">\n\t\t\t\t<div class=\"elementor-element elementor-element-491e88e elementor-widget elementor-widget-shortcode\" data-id=\"491e88e\" data-element_type=\"widget\" data-widget_type=\"shortcode.default\">\n\t\t\t\t\t\t\t<div class=\"elementor-shortcode\"><div class=\"woocommerce columns-3 \"><ul class=\"products columns-3\">\n<li class=\"product type-product post-3470 status-publish first instock product_cat-tostlar has-post-thumbnail shipping-taxable product-type-simple\">\n\t<a href=\"\" class=\"woocommerce-LoopProduct-link woocommerce-loop-product__link\"><img fetchpriority=\"high\" decoding=\"async\" width=\"300\" height=\"300\" src=\"https:\/\/payidarcoffeelounge.com\/wp-content\/uploads\/2026\/02\/Untitled-1-8-300x300.jpg\" class=\"attachment-woocommerce_thumbnail size-woocommerce_thumbnail\" alt=\"Bazlama Tost\" srcset=\"https:\/\/payidarcoffeelounge.com\/wp-content\/uploads\/2026\/02\/Untitled-1-8-300x300.jpg 300w, https:\/\/payidarcoffeelounge.com\/wp-content\/uploads\/2026\/02\/Untitled-1-8-150x150.jpg 150w, https:\/\/payidarcoffeelounge.com\/wp-content\/uploads\/2026\/02\/Untitled-1-8-100x100.jpg 100w, https:\/\/payidarcoffeelounge.com\/wp-content\/uploads\/2026\/02\/Untitled-1-8.jpg 512w\" sizes=\"(max-width: 300px) 100vw, 300px\" \/><span class=\"cat_product\">Tostlar<\/span><h2 class=\"woocommerce-loop-product__title\">Bazlama Tost<\/h2>\n\t<span class=\"price\"><span class=\"woocommerce-Price-amount amount\"><bdi><span class=\"woocommerce-Price-currencySymbol\">&#8378;<\/span>320,00<\/bdi><\/span><\/span>\n<\/a><a href=\"https:\/\/payidarcoffeelounge.com\/index.php\/product\/bazlama-tost\/\" aria-describedby=\"woocommerce_loop_add_to_cart_link_describedby_3470\" data-quantity=\"1\" class=\"button product_type_simple\" data-product_id=\"3470\" data-product_sku=\"\" aria-label=\"&ldquo;Bazlama Tost&rdquo; hakk\u0131nda daha fazla bilgi edinin\" rel=\"nofollow\" data-success_message=\"\">Devam\u0131n\u0131 oku<\/a>\t<span id=\"woocommerce_loop_add_to_cart_link_describedby_3470\" class=\"screen-reader-text\">\n\t\t\t<\/span>\n<\/li>\n<li class=\"product type-product post-3468 status-publish instock product_cat-tostlar has-post-thumbnail shipping-taxable product-type-simple\">\n\t<a href=\"\" class=\"woocommerce-LoopProduct-link woocommerce-loop-product__link\"><img decoding=\"async\" width=\"300\" height=\"300\" src=\"https:\/\/payidarcoffeelounge.com\/wp-content\/uploads\/2026\/02\/Untitled-1-8-300x300.jpg\" class=\"attachment-woocommerce_thumbnail size-woocommerce_thumbnail\" alt=\"Kar\u0131\u015f\u0131k Tost\" srcset=\"https:\/\/payidarcoffeelounge.com\/wp-content\/uploads\/2026\/02\/Untitled-1-8-300x300.jpg 300w, https:\/\/payidarcoffeelounge.com\/wp-content\/uploads\/2026\/02\/Untitled-1-8-150x150.jpg 150w, https:\/\/payidarcoffeelounge.com\/wp-content\/uploads\/2026\/02\/Untitled-1-8-100x100.jpg 100w, https:\/\/payidarcoffeelounge.com\/wp-content\/uploads\/2026\/02\/Untitled-1-8.jpg 512w\" sizes=\"(max-width: 300px) 100vw, 300px\" \/><span class=\"cat_product\">Tostlar<\/span><h2 class=\"woocommerce-loop-product__title\">Kar\u0131\u015f\u0131k Tost<\/h2>\n\t<span class=\"price\"><span class=\"woocommerce-Price-amount amount\"><bdi><span class=\"woocommerce-Price-currencySymbol\">&#8378;<\/span>300,00<\/bdi><\/span><\/span>\n<\/a><a href=\"https:\/\/payidarcoffeelounge.com\/index.php\/product\/karisik-tost\/\" aria-describedby=\"woocommerce_loop_add_to_cart_link_describedby_3468\" data-quantity=\"1\" class=\"button product_type_simple\" data-product_id=\"3468\" data-product_sku=\"\" aria-label=\"&ldquo;Kar\u0131\u015f\u0131k Tost&rdquo; hakk\u0131nda daha fazla bilgi edinin\" rel=\"nofollow\" data-success_message=\"\">Devam\u0131n\u0131 oku<\/a>\t<span id=\"woocommerce_loop_add_to_cart_link_describedby_3468\" class=\"screen-reader-text\">\n\t\t\t<\/span>\n<\/li>\n<li class=\"product type-product post-3456 status-publish last instock product_cat-tostlar has-post-thumbnail shipping-taxable product-type-simple\">\n\t<a href=\"\" class=\"woocommerce-LoopProduct-link woocommerce-loop-product__link\"><img decoding=\"async\" width=\"300\" height=\"300\" src=\"https:\/\/payidarcoffeelounge.com\/wp-content\/uploads\/2026\/02\/Untitled-1-8-300x300.jpg\" class=\"attachment-woocommerce_thumbnail size-woocommerce_thumbnail\" alt=\"Ka\u015farl\u0131 Tost\" srcset=\"https:\/\/payidarcoffeelounge.com\/wp-content\/uploads\/2026\/02\/Untitled-1-8-300x300.jpg 300w, https:\/\/payidarcoffeelounge.com\/wp-content\/uploads\/2026\/02\/Untitled-1-8-150x150.jpg 150w, https:\/\/payidarcoffeelounge.com\/wp-content\/uploads\/2026\/02\/Untitled-1-8-100x100.jpg 100w, https:\/\/payidarcoffeelounge.com\/wp-content\/uploads\/2026\/02\/Untitled-1-8.jpg 512w\" sizes=\"(max-width: 300px) 100vw, 300px\" \/><span class=\"cat_product\">Tostlar<\/span><h2 class=\"woocommerce-loop-product__title\">Ka\u015farl\u0131 Tost<\/h2>\n\t<span class=\"price\"><span class=\"woocommerce-Price-amount amount\"><bdi><span class=\"woocommerce-Price-currencySymbol\">&#8378;<\/span>250,00<\/bdi><\/span><\/span>\n<\/a><a href=\"https:\/\/payidarcoffeelounge.com\/index.php\/product\/kasarli-tost\/\" aria-describedby=\"woocommerce_loop_add_to_cart_link_describedby_3456\" data-quantity=\"1\" class=\"button product_type_simple\" data-product_id=\"3456\" data-product_sku=\"\" aria-label=\"&ldquo;Ka\u015farl\u0131 Tost&rdquo; hakk\u0131nda daha fazla bilgi edinin\" rel=\"nofollow\" data-success_message=\"\">Devam\u0131n\u0131 oku<\/a>\t<span id=\"woocommerce_loop_add_to_cart_link_describedby_3456\" class=\"screen-reader-text\">\n\t\t\t<\/span>\n<\/li>\n<li class=\"product type-product post-3471 status-publish first instock product_cat-tostlar product_cat-uncategorized has-post-thumbnail shipping-taxable product-type-simple\">\n\t<a href=\"\" class=\"woocommerce-LoopProduct-link woocommerce-loop-product__link\"><img loading=\"lazy\" decoding=\"async\" width=\"300\" height=\"300\" src=\"https:\/\/payidarcoffeelounge.com\/wp-content\/uploads\/2026\/02\/Untitled-1-8-300x300.jpg\" class=\"attachment-woocommerce_thumbnail size-woocommerce_thumbnail\" alt=\"Sanayi Tost\" srcset=\"https:\/\/payidarcoffeelounge.com\/wp-content\/uploads\/2026\/02\/Untitled-1-8-300x300.jpg 300w, https:\/\/payidarcoffeelounge.com\/wp-content\/uploads\/2026\/02\/Untitled-1-8-150x150.jpg 150w, https:\/\/payidarcoffeelounge.com\/wp-content\/uploads\/2026\/02\/Untitled-1-8-100x100.jpg 100w, https:\/\/payidarcoffeelounge.com\/wp-content\/uploads\/2026\/02\/Untitled-1-8.jpg 512w\" sizes=\"(max-width: 300px) 100vw, 300px\" \/><span class=\"cat_product\">Tostlar<\/span> <span class=\"cat_product\">Uncategorized<\/span><h2 class=\"woocommerce-loop-product__title\">Sanayi Tost<\/h2>\n\t<span class=\"price\"><span class=\"woocommerce-Price-amount amount\"><bdi><span class=\"woocommerce-Price-currencySymbol\">&#8378;<\/span>320,00<\/bdi><\/span><\/span>\n<\/a><a href=\"https:\/\/payidarcoffeelounge.com\/index.php\/product\/sanayi-tost\/\" aria-describedby=\"woocommerce_loop_add_to_cart_link_describedby_3471\" data-quantity=\"1\" class=\"button product_type_simple\" data-product_id=\"3471\" data-product_sku=\"\" aria-label=\"&ldquo;Sanayi Tost&rdquo; hakk\u0131nda daha fazla bilgi edinin\" rel=\"nofollow\" data-success_message=\"\">Devam\u0131n\u0131 oku<\/a>\t<span id=\"woocommerce_loop_add_to_cart_link_describedby_3471\" class=\"screen-reader-text\">\n\t\t\t<\/span>\n<\/li>\n<li class=\"product type-product post-3467 status-publish instock product_cat-tostlar has-post-thumbnail shipping-taxable product-type-simple\">\n\t<a href=\"\" class=\"woocommerce-LoopProduct-link woocommerce-loop-product__link\"><img loading=\"lazy\" decoding=\"async\" width=\"300\" height=\"300\" src=\"https:\/\/payidarcoffeelounge.com\/wp-content\/uploads\/2026\/02\/Untitled-1-8-300x300.jpg\" class=\"attachment-woocommerce_thumbnail size-woocommerce_thumbnail\" alt=\"Sucuklu Tost\" srcset=\"https:\/\/payidarcoffeelounge.com\/wp-content\/uploads\/2026\/02\/Untitled-1-8-300x300.jpg 300w, https:\/\/payidarcoffeelounge.com\/wp-content\/uploads\/2026\/02\/Untitled-1-8-150x150.jpg 150w, https:\/\/payidarcoffeelounge.com\/wp-content\/uploads\/2026\/02\/Untitled-1-8-100x100.jpg 100w, https:\/\/payidarcoffeelounge.com\/wp-content\/uploads\/2026\/02\/Untitled-1-8.jpg 512w\" sizes=\"(max-width: 300px) 100vw, 300px\" \/><span class=\"cat_product\">Tostlar<\/span><h2 class=\"woocommerce-loop-product__title\">Sucuklu Tost<\/h2>\n\t<span class=\"price\"><span class=\"woocommerce-Price-amount amount\"><bdi><span class=\"woocommerce-Price-currencySymbol\">&#8378;<\/span>250,00<\/bdi><\/span><\/span>\n<\/a><a href=\"https:\/\/payidarcoffeelounge.com\/index.php\/product\/sucuklu-tost\/\" aria-describedby=\"woocommerce_loop_add_to_cart_link_describedby_3467\" data-quantity=\"1\" class=\"button product_type_simple\" data-product_id=\"3467\" data-product_sku=\"\" aria-label=\"&ldquo;Sucuklu Tost&rdquo; hakk\u0131nda daha fazla bilgi edinin\" rel=\"nofollow\" data-success_message=\"\">Devam\u0131n\u0131 oku<\/a>\t<span id=\"woocommerce_loop_add_to_cart_link_describedby_3467\" class=\"screen-reader-text\">\n\t\t\t<\/span>\n<\/li>\n<li class=\"product type-product post-3469 status-publish last instock product_cat-tostlar has-post-thumbnail shipping-taxable product-type-simple\">\n\t<a href=\"\" class=\"woocommerce-LoopProduct-link woocommerce-loop-product__link\"><img loading=\"lazy\" decoding=\"async\" width=\"300\" height=\"300\" src=\"https:\/\/payidarcoffeelounge.com\/wp-content\/uploads\/2026\/02\/Untitled-1-8-300x300.jpg\" class=\"attachment-woocommerce_thumbnail size-woocommerce_thumbnail\" alt=\"Yumurtal\u0131 Tost\" srcset=\"https:\/\/payidarcoffeelounge.com\/wp-content\/uploads\/2026\/02\/Untitled-1-8-300x300.jpg 300w, https:\/\/payidarcoffeelounge.com\/wp-content\/uploads\/2026\/02\/Untitled-1-8-150x150.jpg 150w, https:\/\/payidarcoffeelounge.com\/wp-content\/uploads\/2026\/02\/Untitled-1-8-100x100.jpg 100w, https:\/\/payidarcoffeelounge.com\/wp-content\/uploads\/2026\/02\/Untitled-1-8.jpg 512w\" sizes=\"(max-width: 300px) 100vw, 300px\" \/><span class=\"cat_product\">Tostlar<\/span><h2 class=\"woocommerce-loop-product__title\">Yumurtal\u0131 Tost<\/h2>\n\t<span class=\"price\"><span class=\"woocommerce-Price-amount amount\"><bdi><span class=\"woocommerce-Price-currencySymbol\">&#8378;<\/span>200,00<\/bdi><\/span><\/span>\n<\/a><a href=\"https:\/\/payidarcoffeelounge.com\/index.php\/product\/yumurtali-tost\/\" aria-describedby=\"woocommerce_loop_add_to_cart_link_describedby_3469\" data-quantity=\"1\" class=\"button product_type_simple\" data-product_id=\"3469\" data-product_sku=\"\" aria-label=\"&ldquo;Yumurtal\u0131 Tost&rdquo; hakk\u0131nda daha fazla bilgi edinin\" rel=\"nofollow\" data-success_message=\"\">Devam\u0131n\u0131 oku<\/a>\t<span id=\"woocommerce_loop_add_to_cart_link_describedby_3469\" class=\"screen-reader-text\">\n\t\t\t<\/span>\n<\/li>\n<\/ul>\n<\/div><\/div>\n\t\t\t\t\t\t<\/div>\n\t\t\t\t\t<\/div>\n\t\t\t\t<\/div>\n\t\t\t\t<\/div>\n\t\t","protected":false},"excerpt":{"rendered":"","protected":false},"author":1,"featured_media":0,"parent":0,"menu_order":0,"comment_status":"closed","ping_status":"closed","template":"","meta":{"footnotes":""},"class_list":["post-3457","page","type-page","status-publish","hentry"],"_links":{"self":[{"href":"https:\/\/payidarcoffeelounge.com\/index.php\/wp-json\/wp\/v2\/pages\/3457","targetHints":{"allow":["GET"]}}],"collection":[{"href":"https:\/\/payidarcoffeelounge.com\/index.php\/wp-json\/wp\/v2\/pages"}],"about":[{"href":"https:\/\/payidarcoffeelounge.com\/index.php\/wp-json\/wp\/v2\/types\/page"}],"author":[{"embeddable":true,"href":"https:\/\/payidarcoffeelounge.com\/index.php\/wp-json\/wp\/v2\/users\/1"}],"replies":[{"embeddable":true,"href":"https:\/\/payidarcoffeelounge.com\/index.php\/wp-json\/wp\/v2\/comments?post=3457"}],"version-history":[{"count":4,"href":"https:\/\/payidarcoffeelounge.com\/index.php\/wp-json\/wp\/v2\/pages\/3457\/revisions"}],"predecessor-version":[{"id":3461,"href":"https:\/\/payidarcoffeelounge.com\/index.php\/wp-json\/wp\/v2\/pages\/3457\/revisions\/3461"}],"wp:attachment":[{"href":"https:\/\/payidarcoffeelounge.com\/index.php\/wp-json\/wp\/v2\/media?parent=3457"}],"curies":[{"name":"wp","href":"https:\/\/api.w.org\/{rel}","templated":true}]}}